
Is 14401 prime?
True
Is 27011 a prime number?
True
Is 15947 composite?
True
Is 92333 composite?
False
Is 168061 prime?
False
Is 13011 composite?
True
Is 583 a prime number?
False
Is 539209 prime?
False
Is 22105 a composite number?
True
Is 413311 a prime number?
False
Is 32107 a prime number?
False
Is 21271 a prime number?
False
Is 4843 composite?
True
Is 1313 composite?
True
Is 5791 composite?
False
Is 19661 a prime number?
True
Is 2053 composite?
False
Is 69679 prime?
False
Is 73301 composite?
True
Is 125942 a prime number?
False
Is 1319459 prime?
True
Is 297791 a prime number?
False
Is 1879 a prime number?
True
Is 161473 a prime number?
False
Is 239329 prime?
True
Is 212743 a prime number?
False
Is 517526 composite?
True
Is 39659 composite?
False
Is 1028737 composite?
False
Is 12443 a prime number?
False
Is 51217 a composite number?
False
Is 716761 a prime number?
False
Is 7349 prime?
True
Is 68543 prime?
True
Is 676993 a composite number?
False
Is 2933 composite?
True
Is 1087 prime?
True
Is 62547 a composite number?
True
Is 3163 composite?
False
Is 78497 prime?
True
Is 211798 composite?
True
Is 18587 a prime number?
True
Is 125009 a prime number?
False
Is 16018 composite?
True
Is 103561 composite?
False
Is 27389 prime?
False
Is 6481 a composite number?
False
Is 37106 prime?
False
Is 6007 composite?
False
Is 15539 a composite number?
True
Is 74153 a composite number?
True
Is 2723 prime?
False
Is 7901 a prime number?
True
Is 136691 composite?
False
Is 1361 a composite number?
False
Is 50599 composite?
False
Is 422701 composite?
False
Is 111 prime?
False
Is 15389 a composite number?
True
Is 4211 a composite number?
False
Is 2236651 a composite number?
False
Is 6247 composite?
False
Is 19263 a composite number?
True
Is 93494 a prime number?
False
Is 4237 a composite number?
True
Is 1101803 prime?
True
Is 28097 composite?
False
Is 37171 a composite number?
False
Is 21341 prime?
True
Is 15071 composite?
True
Is 3091 a composite number?
True
Is 365 a prime number?
False
Is 114301 prime?
False
Is 6533 prime?
False
Is 2819 a prime number?
True
Is 1072873 a composite number?
True
Is 335323 prime?
True
Is 17635 prime?
False
Is 33577 prime?
True
Is 11101 prime?
False
Is 256811 a composite number?
True
Is 43711 composite?
False
Is 1814 prime?
False
Is 5147 prime?
True
Is 1681787 a prime number?
True
Is 21439 a prime number?
False
Is 30553 composite?
False
Is 175166 prime?
False
Is 34318 a composite number?
True
Is 33083 prime?
True
Is 135179 prime?
False
Is 81143 a prime number?
False
Is 571 prime?
True
Is 41365 prime?
False
Is 5063 a prime number?
False
Is 1663591 prime?
False
Is 18053 a prime number?
False
Is 1061938 prime?
False
Is 6953 composite?
True
Is 12451 composite?
False
Is 21041 a composite number?
True
Is 356693 a prime number?
True
Is 38299 a composite number?
False
Is 911153 prime?
False
Is 458 a composite number?
True
Is 196414 a prime number?
False
Is 104605 prime?
False
Is 1331543 composite?
True
Is 8803 prime?
True
Is 72139 composite?
False
Is 144986 a prime number?
False
Is 7957 a composite number?
True
Is 273349 a composite number?
False
Is 53827 a prime number?
False
Is 3227 a composite number?
True
Is 49261 a prime number?
True
Is 51671 composite?
True
Is 546313 prime?
False
Is 969421 a composite number?
False
Is 809 a composite number?
False
Is 67654 composite?
True
Is 107867 composite?
False
Is 20393 composite?
False
Is 5077 a composite number?
False
Is 1561 composite?
True
Is 80621 a prime number?
True
Is 1213 a composite number?
False
Is 23459 composite?
False
Is 144941 prime?
True
Is 222149 prime?
True
Is 2437 a prime number?
True
Is 75913 a prime number?
True
Is 577387 a prime number?
True
Is 8267 composite?
True
Is 316261 a composite number?
True
Is 37055 a composite number?
True
Is 138667 a prime number?
False
Is 6689 prime?
True
Is 685 a composite number?
True
Is 27239 composite?
False
Is 406498 prime?
False
Is 203 a prime number?
False
Is 41719 prime?
True
Is 3037 a composite number?
False
Is 187507 a prime number?
True
Is 9005 prime?
False
Is 27127 a prime number?
True
Is 382 a composite number?
True
Is 371 composite?
True
Is 3011 prime?
True
Is 272677 a prime number?
False
Is 351029 composite?
True
Is 21647 prime?
True
Is 394931 composite?
False
Is 50011 a composite number?
True
Is 41219 a composite number?
True
Is 458663 composite?
False
Is 205469 prime?
False
Is 466285 prime?
False
Is 21169 composite?
False
Is 67679 a composite number?
False
Is 1727 prime?
False
Is 3563 composite?
True
Is 4861 a composite number?
False
Is 15349 a prime number?
True
Is 22141 a prime number?
False
Is 23459 composite?
False
Is 6491 composite?
False
Is 1381967 a composite number?
False
Is 27431 a composite number?
False
Is 149095 a prime number?
False
Is 1801 composite?
False
Is 12569 a prime number?
True
Is 88547 composite?
False
Is 58103 prime?
False
Is 8009 composite?
False
Is 4201 composite?
False
Is 93047 a prime number?
True
Is 10243 composite?
False
Is 3043 composite?
True
Is 210673 prime?
False
Is 1001347 prime?
True
Is 12031 prime?
False
Is 43031 a prime number?
False
Is 115961 prime?
False
Is 1931 prime?
True
Is 667 composite?
True
Is 146021 a composite number?
False
Is 11369 a composite number?
False
Is 53479 composite?
False
Is 105863 prime?
True
Is 473911 a composite number?
False
Is 738643 a prime number?
True
Is 791 a composite number?
True
Is 40873 prime?
False
Is 2766959 a prime number?
False
Is 76367 a composite number?
False
Is 554167 composite?
False
Is 15629 prime?
True
Is 109717 a composite number?
False
Is 11819 a prime number?
False
Is 34343 composite?
True
Is 7519 a composite number?
True
Is 20765 prime?
False
Is 32177 prime?
False
Is 28081 a composite number?
False
Is 2579 prime?
True
Is 991 composite?
False
Is 681621 prime?
False
Is 2885 a composite number?
True
Is 4499 prime?
False
Is 22513 a composite number?
True
Is 527363 prime?
False
Is 63569 composite?
True
Is 18743 prime?
True
Is 592511 a composite number?
True
Is 1385913 a prime number?
False
Is 385633 composite?
True
Is 1899227 composite?
True
Is 3555905 prime?
False
Is 473 prime?
False
Is 298066 composite?
True
Is 51893 a composite number?
False
Is 11381 a composite number?
True
Is 246535 composite?
True
Is 30581 a composite number?
True
Is 69145 prime?
False
Is 15727 composite?
False
Is 664786 composite?
True
Is 259949 a prime number?
True
Is 1937 prime?
False
Is 10807 prime?
False
Is 19101 a prime number?
False
Is 4211 composite?
False
Is 6229 a prime number?
True
Is 300293 prime?
False
Is 222247 a prime number?
True
Is 216043 a prime number?
False
Is 55 a composite number?
True
Is 55851 composite?
True
Is 1481 a composite number?
False
Is 79777 prime?
True
Is 113749 a prime number?
True
Is 532166 prime?
False
Is 40669 a prime number?
False
Is 490973 a prime number?
False
Is 88117 a composite number?
False
Is 120319 prime?
True
Is 182593 a composite number?
False
Is 105613 prime?
True
Is 196907 a composite number?
False
Is 9197 composite?
True
Is 193197 composite?
True
Is 1259 a prime number?
True
Is 383543 a composite number?
True
Is 8803 prime?
True
Is 63443 composite?
False
Is 1330219 prime?
False
Is 137173 a composite number?
True
Is 37691 a composite number?
False
Is 70779 prime?
False
Is 15959 a prime number?
True
Is 784171 a prime number?
True
Is 71113 a prime number?
False
Is 1361 a composite number?
False
Is 110329 composite?
True
Is 47051 a composite number?
False
Is 105863 prime?
True
Is 67291 prime?
False
Is 1441 prime?
False
Is 34401 a prime number?
False
Is 121469 a composite number?
False
Is 7321 a composite number?
False
Is 29809 prime?
False
Is 379 composite?
False
Is 13043 composite?
False
Is 3109 composite?
False
Is 2189 a composite number?
True
Is 295898 prime?
False
Is 119285 a prime number?
False
Is 1579609 a composite number?
False
Is 202961 composite?
True
Is 23531 composite?
False
Is 10079 a prime number?
True
Is 451873 a prime number?
True
Is 11465 a composite number?
True
Is 95894 prime?
False
Is 7349 a prime number?
True
Is 775993 a composite number?
True
Is 18118 a prime number?
False
Is 42011 composite?
True
Is 8261 composite?
True
Is 17209 a composite number?
False
Is 2719 a prime number?
True
Is 93943 composite?
